- l + 8. Calculate the remainder when o is divided by (28 - -2)*k/(-15).
9
Let r(z) = -2*z**2 + 2*z + 1. Let u be r(-1). Let d(x) = 215*x + 4528. What is the remainder when (-1 - -1) + (19 - u) is divided by d(-21)?
9
Suppose -2*g - 2*t = -0*t - 166, -3*g + 2*t + 244 = 0. What is the remainder when 335 is divided by g?
7
Suppose -2*s + 5*r = 467, 30*r - 25*r = 3*s + 708. Let l = s - -390. Calculate the remainder when l is divided by 14.
9
Let r be (-1005)/(-21) - (-1)/7. Let t = -8 + r. Let q = t - -19. What is the remainder when q is divided by 16?
11
Let l = 19 - -79. Suppose -47*r + 1480 + 71 = 0. What is the remainder when l is divided by r?
32
Let r = 70 + -60. Let f be -2*7/(-8)*(r + -6). Let b(c) = c**3 - 6*c**2 - 4*c - 1. What is the remainder when 37 is divided by b(f)?
17
Suppose 33*n - 12219 - 8886 = 12*n. What is the remainder when n is divided by 145?
135
Suppose -506 = -3*l + 4*j, 4*l - 369 - 312 = -j. What is the remainder when 502 is divided by l?
162
Let m(i) = 2*i**3 + 371*i**2 - 182*i + 984. Let y = -2 - -13. What is the remainder when m(-186) is divided by y?
9
Let p(i) = i**2 - 2*i + 2. Suppose 0 = z - 33 - 15. Suppose 97 = z*c - 383. Calculate the remainder when p(7) is divided by c.
7
Suppose 803*m - 26304 = 787*m. Calculate the remainder when m is divided by 24.
12
Let o = -373 + 546. What is the remainder when o is divided by (-7)/1*-1 + 2880/192?
19
What is the remainder when 5068 is divided by 48/10*(-4410)/(-392)?
46
What is the remainder when (((-23304)/7)/(-12))/(2/28) is divided by 54?
50
Suppose 204 = -f + 2*u + 208, 0 = -f + u + 10. Calculate the remainder when 6076 is divided by f.
12
Let i(r) = -15*r**2 - 758*r - 170. Calculate the remainder when 435 is divided by i(-50).
205
Suppose -3*j - 2*j = -535. Let f = -34 + j. Let x(r) = -9*r + 38. Calculate the remainder when f is divided by x(0).
35
Let h(v) = -22*v + 57. Let z(d) = -6*d + 4. Calculate the remainder when h(-4) is divided by z(-5).
9
Let c = 6958 - 6692. Calculate the remainder when c is divided by 13.
6
Suppose 3*r - 24*d = -19*d + 9423, -4*r = -3*d - 12575. What is the remainder when r is divided by 35?
31
Let j(t) = 23*t + 82. Let m be j(-3). Let c = m + 18. What is the remainder when 214 is divided by c?
28
Suppose -18 = -5*m + 7. Suppose -6*c + 12 = -2*c, -m*c - 49 = -d. What is the remainder when d is divided by 19 - (2/2 - -1)?
13
Let n(z) = -3*z - 41. Let h be n(-14). Let j be -102 - (4 + -2 - h). Let f = -101 - j. What is the remainder when f is divided by 1?
0
Let t be 0/(2/(2 + -1)). Suppose t = -2*v + 18*p - 15*p + 67, -4*v + 154 = -2*p. What is the remainder when v is divided by 24?
17
Let d(n) = 31*n**3 - n. Let v be d(-1). Let s = -30 - v. What is the remainder when (102/(-4) - s)*58/(-87) is divided by 6?
5
Let b = -5 + 29. Suppose 36 + b = 4*t. Suppose -2*j + 119 = -s, -5*s - 218 + 79 = -2*j. Calculate the remainder when j is divided by t.
12
Suppose -2735 - 9258 = -67*p. Let a(h) = -h**3 - h + 47. What is the remainder when p is divided by a(0)?
38
Let g be ((-576)/56)/((-4)/10)*-7. Let i = g + 204. Calculate the remainder when 164 is divided by i.
20
Let s = 91 - -34. Suppose 117*k + 200 = s*k. Calculate the remainder when 99 is divided by k.
24
Let j be 0/(20/(-5)) + 2. Suppose 8*t = j*t + 1284. Calculate the remainder when t is divided by 72.
70
Let k(w) = w**2 - 12*w + 3. Let u be k(12). Suppose 3*x = 3*q + 30, u*x = 6*x - q - 28. Calculate the remainder when (7/(-2 + x))/(2/166) is divided by 4.
3
Let y = 3 - 2. Let m(t) = t + 5. Let x be m(-8). Calculate the remainder when 37 is divided by (8/(-1) + y)*x.
16
Let z(k) = 48*k - 284. Let j be z(6). Suppose 2*x = -n + 49, -3*n + 55 = j*x - 2*x. Calculate the remainder when 54 is divided by x.
8
Let w(z) = -63*z + 1900. Let o = 96 + -43. Calculate the remainder when o is divided by w(30).
3
Let m = 807 - 793. Let f be ((-366)/(-12))/((-3)/(-6)). Let t = f - -63. What is the remainder when t is divided by m?
12
Let i be 3 + (-3 - -4)*-1. Suppose i*v + 240 = 6*v. Let f = 4 + v. What is the remainder when f is divided by 33?
31
Suppose 9*a - 1860 = 4*a. Suppose -1041 = -51*n - 10*n - 4. What is the remainder when a is divided by n?
15
Let o = 324 + -275. What is the remainder when 194 is divided by o?
47
Let d(u) = -80*u + 3 + 0 + 0 + 1. Let i = -1544 - -1577. What is the remainder when d(-2) is divided by i?
32
Calculate the remainder when 115 is divided by (17 - 10) + -9 - -7*3.
1
Suppose -4*d + 99 - 103 = 0. Let r be d/(5/(-35) - (-1)/56). Suppose -81 - 119 = -r*h. What is the remainder when h is divided by 3?
1
Let f = 158 + -148. Suppose -4*d - 93 = 2*l - 405, 284 = 4*d - 5*l. Let u = d + -19. Calculate the remainder when u is divided by f.
7
Suppose -4*t - 10 = g, -3*g - 8 = -t + 2*g. Suppose 16*s = -96, 99*b + s = 101*b - 348. Calculate the remainder when b is divided by 2*(-1)/t*44.
39
Let r = 15369 - 14098. What is the remainder when 1275 is divided by r?
4
Let w(t) = -5*t**2 - 29*t + 13. Let h(a) = -a**2 + 2. Let m(l) = 6*h(l) - w(l). What is the remainder when m(20) is divided by 18?
17
Let d = 394 + -231. Let n(s) = -45*s - 9. Let w(g) = 45*g + 10. Let t(a) = -2*n(a) - 3*w(a). Calculate the remainder when d is divided by t(-1).
31
Let s(p) = -199 - 195 + 2*p + 459. Let x be s(26). Suppose -8 = -4*q + 6*q, -5*q = -u + x. What is the remainder when u is divided by 34?
29
What is the remainder when 30/((-58)/32 - -2) is divided by (-25 - -2) + (-34561)/(-323)?
76
Suppose 248468 = -236*c + 316075 + 394953. Calculate the remainder when c is divided by 30.
10
Let t(v) = 3*v - 6. Let m(d) = -d**2 + 14*d - 16. Let r be 3*5 - (10 + -7). Let y be m(r). What is the remainder when 69 is divided by t(y)?
15
Let j = -307 - -589. Let w = j + -267. What is the remainder when 134 is divided by w?
14
Suppose -38 - 3 = 3*l + m, 5*m - 75 = 5*l. What is the remainder when 51 is divided by 231/l*(-8)/12?
7
Let r(o) = -3*o**2 + 85*o + 203. Calculate the remainder when 461 is divided by r(30).
37
Let o(p) = 12*p**2 + 25*p + 52. Let i be o(-6). Let f = i + -116. Calculate the remainder when f is divided by 16.
10
Suppose -4*t = 5*i - 840, i + 3*t - 31 = 126. Let b(p) = 16*p**2 - p - 1. Calculate the remainder when i is divided by b(-1).
12
Let j(d) = d**3 - d**2 - d. Let c(k) = 5*k**3 - 3*k**2 + 37*k + 3. Let v(u) = -c(u) + 6*j(u). Calculate the remainder when 587 is divided by v(-5).
11
Suppose -23*d = 12*d + 7*d - 20076. What is the remainder when 479 is divided by d?
1
Let a(l) = -103*l**2 - 12*l + 13. Let q be a(1). Let f = q - -235. What is the remainder when f is divided by 34?
31
Suppose 32*z + 2222 - 2986 = 3268. What is the remainder when z is divided by 64?
62
Let r = -15 - -25. Suppose 20*k - 515 = -83*k. Calculate the remainder when r is divided by k.
0
Suppose 4 - 23 = -g + 5*p, g + p - 49 = 0. What is the remainder when 1754 is divided by g?
38
What is the remainder when 3647 is divided by ((-21)/28)/((-6)/456) - -12?
59
Let i(g) = 2*g + 34. Let m be i(26). Let h = m + -65. What is the remainder when (-36)/10*(-990)/36 is divided by h?
15
Suppose -4*i = 2*i - 726. Suppose -4*f = 3*s - 221, -4*f + 2*f - 5*s = -i. Calculate the remainder when f is divided by 12.
5
Let m(c) = -697*c**3 - 15*c**2 - 3*c + 10. Calculate the remainder when m(-1) is divided by 35.
30
Suppose 4*g = -3*k + 9930, 3*g = 1485*k - 1489*k + 7437. What is the remainder when g is divided by 64?
55
Let j = -1458 - -1531. Calculate the remainder when 95 is divided by j.
22
Suppose -9*l + 71 - 5 = -429. What is the remainder when 737 is divided by l?
22
Suppose 2*a - 40 = 2*q - 0*q, q + 12 = -a. Let h be q/(-3)*(-81)/(-12). What is the remainder when 16 is divided by -8 - h/(-6) - (-12 - -1)?
7
Let c(j) = j**3 + 7*j**2 - 11*j + 5. Let u be c(-8). Suppose -5*a + u = 2*g, g = -a - a + 16. What is the remainder when 239 is divided by g?
19
Suppose w - 1718 = -226*d + 221*d, -w = -3*d - 1670. Calculate the remainder when w is divided by 89.
86
Suppose -59*d = -54*d - 5. Suppose -9*f + 20*f = 33. Calculate the remainder when f is divided by d.
0
Let j be 6 + 1 + 1 + -3. Suppose -4*i - 171 = -j*n, -2*n + 2*i + 66 = i. Let f = 394637 + -394629. What is the remainder when n is divided by f?
7
Let g(o) be the second deriva